{"id":132,"date":"2024-09-08T20:05:07","date_gmt":"2024-09-08T18:05:07","guid":{"rendered":"https:\/\/lakmal.cz\/?page_id=132"},"modified":"2024-09-30T22:55:13","modified_gmt":"2024-09-30T20:55:13","slug":"o-nas","status":"publish","type":"page","link":"https:\/\/lakmal.cz\/index.php\/o-nas\/","title":{"rendered":"O n\u00e1s"},"content":{"rendered":"<p>[et_pb_section fb_built=&#8220;1&#8243; admin_label=&#8220;Header&#8220; _builder_version=&#8220;4.25.1&#8243; _module_preset=&#8220;default&#8220; background_image=&#8220;https:\/\/lakmal.cz\/wp-content\/uploads\/2024\/06\/lakmal-pozadi-scaled.webp&#8220; background_size=&#8220;contain&#8220; background_position=&#8220;bottom_left&#8220; background_vertical_offset=&#8220;0%&#8220; custom_padding=&#8220;0px||400px||false|false&#8220; collapsed=&#8220;off&#8220; global_colors_info=&#8220;{}&#8220;][et_pb_row column_structure=&#8220;3_5,2_5&#8243; use_custom_gutter=&#8220;on&#8220; gutter_width=&#8220;2&#8243; make_equal=&#8220;on&#8220; _builder_version=&#8220;4.25.1&#8243; _module_preset=&#8220;default&#8220; custom_margin=&#8220;||30px||false|false&#8220; custom_padding=&#8220;0px||0px||true|false&#8220; box_shadow_style=&#8220;preset4&#8243; box_shadow_horizontal=&#8220;30vw&#8220; box_shadow_vertical=&#8220;0px&#8220; box_shadow_color=&#8220;gcid-574a594f-3645-42ee-a9e5-bdcdc84b45bb&#8220; box_shadow_horizontal_tablet=&#8220;0vw&#8220; box_shadow_horizontal_phone=&#8220;0vw&#8220; box_shadow_horizontal_last_edited=&#8220;on|tablet&#8220; global_colors_info=&#8220;{%22gcid-574a594f-3645-42ee-a9e5-bdcdc84b45bb%22:%91%22box_shadow_color%22%93}&#8220;][et_pb_column type=&#8220;3_5&#8243; _builder_version=&#8220;4.18.0&#8243; _module_preset=&#8220;default&#8220; custom_padding=&#8220;8%||||false|false&#8220; global_colors_info=&#8220;{}&#8220;][et_pb_text _builder_version=&#8220;4.25.1&#8243; _module_preset=&#8220;c16985e1-e0d6-4022-964d-e2bfc04fa633&#8243; header_font=&#8220;&#8211;et_global_heading_font|500|||||||&#8220; header_text_color=&#8220;#000000&#8243; header_font_size=&#8220;80px&#8220; header_line_height=&#8220;1.2em&#8220; header_font_size_tablet=&#8220;40px&#8220; header_font_size_phone=&#8220;24px&#8220; header_font_size_last_edited=&#8220;on|desktop&#8220; global_colors_info=&#8220;{}&#8220;]<\/p>\n<h1>O n\u00e1s<\/h1>\n<p>[\/et_pb_text][et_pb_image src=&#8220;https:\/\/lakmal.cz\/wp-content\/uploads\/2024\/06\/Stavebni-prace-na-RD-realizace-zatepleni-fasady-a-chodniku-2.jpg&#8220; title_text=&#8220;Stavebni\u0301 pra\u0301ce na RD &#8211; realizace zatepleni\u0301, fasa\u0301dy a chodni\u0301ku\u030a (2)&#8220; _builder_version=&#8220;4.25.1&#8243; _module_preset=&#8220;default&#8220; global_colors_info=&#8220;{}&#8220;][\/et_pb_image][\/et_pb_column][et_pb_column type=&#8220;2_5&#8243; _builder_version=&#8220;4.25.1&#8243; _module_preset=&#8220;default&#8220; background_enable_color=&#8220;off&#8220; custom_padding=&#8220;||30px|30px|false|false&#8220; global_colors_info=&#8220;{}&#8220;][et_pb_image src=&#8220;https:\/\/lakmal.cz\/wp-content\/uploads\/2024\/06\/Stavebni-prace-na-RD-realizace-zatepleni-fasady-a-chodniku-3.jpg&#8220; title_text=&#8220;Stavebni\u0301 pra\u0301ce na RD &#8211; realizace zatepleni\u0301, fasa\u0301dy a chodni\u0301ku\u030a (3)&#8220; disabled_on=&#8220;on|off|off&#8220; _builder_version=&#8220;4.25.1&#8243; _module_preset=&#8220;default&#8220; custom_margin=&#8220;||30px|-30px|false|false&#8220; global_colors_info=&#8220;{}&#8220;][\/et_pb_image][et_pb_text _builder_version=&#8220;4.25.1&#8243; _module_preset=&#8220;4827deed-2a92-4d97-a22f-f01067ae6873&#8243; header_font=&#8220;||||||||&#8220; header_4_font=&#8220;Work Sans|700|||||||&#8220; header_4_font_size=&#8220;20px&#8220; header_4_line_height=&#8220;1.4em&#8220; custom_margin=&#8220;||0px||false|false&#8220; header_4_text_align_tablet=&#8220;&#8220; header_4_text_align_phone=&#8220;center&#8220; header_4_text_align_last_edited=&#8220;on|phone&#8220; header_4_font_size_tablet=&#8220;16px&#8220; header_4_font_size_phone=&#8220;15px&#8220; header_4_font_size_last_edited=&#8220;on|phone&#8220; global_colors_info=&#8220;{}&#8220;]<\/p>\n<h4>Ji\u017e od roku<\/h4>\n<p>[\/et_pb_text][et_pb_text _builder_version=&#8220;4.25.1&#8243; _module_preset=&#8220;b327cbe4-b1d5-4b66-ad37-40c8f2f061ba&#8220; header_2_font=&#8220;Work Sans|500|||||||&#8220; header_2_font_size=&#8220;60px&#8220; header_2_line_height=&#8220;1.2em&#8220; header_2_text_align_tablet=&#8220;&#8220; header_2_text_align_phone=&#8220;center&#8220; header_2_text_align_last_edited=&#8220;on|phone&#8220; header_2_font_size_tablet=&#8220;32px&#8220; header_2_font_size_phone=&#8220;20px&#8220; header_2_font_size_last_edited=&#8220;on|desktop&#8220; global_colors_info=&#8220;{}&#8220;]<\/p>\n<h2>1992<\/h2>\n<p>[\/et_pb_text][\/et_pb_column][\/et_pb_row][et_pb_row _builder_version=&#8220;4.25.1&#8243; _module_preset=&#8220;default&#8220; global_colors_info=&#8220;{}&#8220;][et_pb_column type=&#8220;4_4&#8243; _builder_version=&#8220;4.25.1&#8243; _module_preset=&#8220;default&#8220; global_colors_info=&#8220;{}&#8220;][et_pb_text _builder_version=&#8220;4.25.1&#8243; _module_preset=&#8220;default&#8220; text_font=&#8220;Work Sans||||||||&#8220; text_font_size=&#8220;16px&#8220; global_colors_info=&#8220;{}&#8220;]<\/p>\n<p>Na\u0161e spole\u010dnost zapo\u010dala \u010dinnost v&nbsp;roce 1992 a&nbsp;to jako rodinn\u00e1 \u017eivnost s&nbsp;jedn\u00edm zam\u011bstnancem. V&nbsp;prvopo\u010d\u00e1tc\u00edch fungov\u00e1n\u00ed na\u0161\u00ed firmy jsme se specializovali na lak\u00fdrnick\u00e9, mal\u00ed\u0159sk\u00e9 a&nbsp;sklen\u00e1\u0159sk\u00e9 pr\u00e1ce. V&nbsp;roce 1997 se pracovn\u00ed n\u00e1pl\u0148 roz\u0161\u00ed\u0159ila o&nbsp;stavebn\u00ed \u010dinnost, a&nbsp;od t\u00e9 doby se firma za\u010dala rozv\u00edjet p\u0159edev\u0161\u00edm t\u00edmto sm\u011brem.<\/p>\n<p>V roce 2008 vznikla spole\u010dnost Hrab\u00e1k-Lakmal s.r.o, kter\u00e1 v&nbsp;sou\u010dasn\u00e9 dob\u011b zaji\u0161\u0165uje kompletn\u00ed stavebn\u00ed a&nbsp;v\u00fdkopov\u00e9 pr\u00e1ce, stavby na kl\u00ed\u010d, renovace, zateplov\u00e1n\u00ed dom\u016f a&nbsp;mal\u00ed\u0159sk\u00e9 a&nbsp;nat\u011bra\u010dsk\u00e9 pr\u00e1ce.<\/p>\n<p>Spole\u010dnost zaji\u0161\u0165uje tak\u00e9 p\u0159epravu sypk\u00e9ho materi\u00e1lu, jako jsou p\u00edsky, drt\u011b, zemina a&nbsp;su\u0165 vlastn\u00edm n\u00e1kladn\u00edm automobilem. K&nbsp;t\u00e9to \u010dinnosti m\u00e1me k&nbsp;dispozici r\u016fzn\u00e9 druhy kontejner\u016f. Pro ve\u0161ker\u00e9 v\u00fdkopov\u00e9 a&nbsp;zemn\u00ed pr\u00e1ce vyu\u017e\u00edv\u00e1me vlastn\u00edch stroj\u016f.<\/p>\n<p>V\u00a0sou\u010dasn\u00e9 dob\u011b firma zam\u011bstn\u00e1v\u00e1 12 st\u00e1l\u00fdch pracovn\u00edk\u016f. Mnoho z\u00a0nich p\u016fsob\u00ed v\u00a0na\u0161\u00ed firm\u011b p\u0159es 15 let. I&nbsp;to sv\u011bd\u010d\u00ed o&nbsp;dobr\u00e9m fungov\u00e1n\u00ed na\u0161\u00ed spole\u010dnosti. D\u00e1le zam\u011bstn\u00e1v\u00e1me n\u011bkolik sez\u00f3nn\u00edch pracovn\u00edk\u016f dle mno\u017estv\u00ed zak\u00e1zek.<\/p>\n<p>P\u016fsobnost na\u0161\u00ed firmy je v&nbsp;r\u00e1mci St\u0159edo\u010desk\u00e9ho a\u00a0 Plze\u0148sk\u00e9ho kraje a&nbsp;Prahy. Nejv\u00edce svoji \u010dinnost rozv\u00edj\u00edme na Ho\u0159ovicku.<\/p>\n<p>Velmi n\u00e1m z\u00e1le\u017e\u00ed na spokojenosti na\u0161ich z\u00e1kazn\u00edk\u016f, a&nbsp;i&nbsp;proto si zakl\u00e1d\u00e1me na vysok\u00e9 profesionalit\u011b na\u0161ich slu\u017eeb, spolehliv\u00e9m a&nbsp;rychl\u00e9m jedn\u00e1n\u00ed a&nbsp;kvalitn\u011b odveden\u00e9 pr\u00e1ci se smyslem pro detail.<\/p>\n<p>[\/et_pb_text][\/et_pb_column][\/et_pb_row][et_pb_row _builder_version=&#8220;4.25.1&#8243; _module_preset=&#8220;default&#8220; global_colors_info=&#8220;{}&#8220;][et_pb_column type=&#8220;4_4&#8243; _builder_version=&#8220;4.25.1&#8243; _module_preset=&#8220;default&#8220; global_colors_info=&#8220;{}&#8220;][et_pb_image src=&#8220;https:\/\/lakmal.cz\/wp-content\/uploads\/2024\/06\/architect-1.png&#8220; title_text=&#8220;architect-1&#8243; align=&#8220;center&#8220; _builder_version=&#8220;4.25.1&#8243; _module_preset=&#8220;default&#8220; max_width=&#8220;30%&#8220; module_alignment=&#8220;center&#8220; custom_margin=&#8220;||0px||false|false&#8220; custom_padding=&#8220;||0px||false|false&#8220; scroll_vertical_motion_enable=&#8220;on&#8220; scroll_vertical_motion=&#8220;0|50|50|100|6.5|0|1.5&#8243; scroll_horizontal_motion_enable=&#8220;on&#8220; scroll_horizontal_motion=&#8220;0|84|84|100|4|0|-4&#8243; scroll_rotating_enable=&#8220;on&#8220; motion_trigger_start=&#8220;bottom&#8220; global_colors_info=&#8220;{}&#8220;][\/et_pb_image][\/et_pb_column][\/et_pb_row][\/et_pb_section][et_pb_section fb_built=&#8220;1&#8243; admin_label=&#8220;Footer Contact&#8220; _builder_version=&#8220;4.25.1&#8243; _module_preset=&#8220;default&#8220; background_color=&#8220;#046392&#8243; background_enable_image=&#8220;off&#8220; background_size=&#8220;custom&#8220; background_image_width=&#8220;24%&#8220; background_position=&#8220;bottom_left&#8220; saved_tabs=&#8220;all&#8220; collapsed=&#8220;on&#8220; global_colors_info=&#8220;{}&#8220;][et_pb_row column_structure=&#8220;2_3,1_3&#8243; _builder_version=&#8220;4.25.1&#8243; _module_preset=&#8220;default&#8220; use_background_color_gradient=&#8220;on&#8220; background_color_gradient_direction=&#8220;126deg&#8220; background_color_gradient_stops=&#8220;rgba(6,118,216,0) 49%|#3f87c1 100%&#8220; background_enable_image=&#8220;off&#8220; background_size=&#8220;custom&#8220; background_image_width=&#8220;50%&#8220; background_position=&#8220;bottom_right&#8220; background_horizontal_offset=&#8220;0%&#8220; background_vertical_offset=&#8220;-1%&#8220; border_color_all=&#8220;#FFFFFF&#8220; border_width_bottom=&#8220;1px&#8220; global_colors_info=&#8220;{}&#8220;][et_pb_column type=&#8220;2_3&#8243; _builder_version=&#8220;4.18.0&#8243; _module_preset=&#8220;default&#8220; global_colors_info=&#8220;{}&#8220;][et_pb_text _builder_version=&#8220;4.25.1&#8243; _module_preset=&#8220;b327cbe4-b1d5-4b66-ad37-40c8f2f061ba&#8220; header_2_font=&#8220;Albert Sans|500|||||||&#8220; header_2_font_size=&#8220;60px&#8220; header_2_line_height=&#8220;1.2em&#8220; background_layout=&#8220;dark&#8220; custom_margin=&#8220;102px||0px||false|false&#8220; custom_padding=&#8220;||0px||false|false&#8220; header_2_text_align_tablet=&#8220;&#8220; header_2_text_align_phone=&#8220;center&#8220; header_2_text_align_last_edited=&#8220;on|phone&#8220; header_2_font_size_tablet=&#8220;32px&#8220; header_2_font_size_phone=&#8220;23px&#8220; header_2_font_size_last_edited=&#8220;on|desktop&#8220; text_orientation_tablet=&#8220;&#8220; text_orientation_phone=&#8220;center&#8220; text_orientation_last_edited=&#8220;on|phone&#8220; global_colors_info=&#8220;{}&#8220;]<\/p>\n<h2>Poj\u010fme spolu tvo\u0159it!<\/h2>\n<p>[\/et_pb_text][\/et_pb_column][et_pb_column type=&#8220;1_3&#8243; _builder_version=&#8220;4.18.0&#8243; _module_preset=&#8220;default&#8220; global_colors_info=&#8220;{}&#8220;][et_pb_image src=&#8220;https:\/\/lakmal.cz\/wp-content\/uploads\/2024\/06\/lakmal-logo-bez-pozadi.webp&#8220; title_text=&#8220;lakmal logo bez pozadi&#8220; _builder_version=&#8220;4.25.1&#8243; _module_preset=&#8220;default&#8220; max_width_tablet=&#8220;&#8220; max_width_phone=&#8220;40%&#8220; max_width_last_edited=&#8220;on|phone&#8220; module_alignment_tablet=&#8220;&#8220; module_alignment_phone=&#8220;center&#8220; module_alignment_last_edited=&#8220;on|phone&#8220; global_colors_info=&#8220;{}&#8220;][\/et_pb_image][\/et_pb_column][\/et_pb_row][et_pb_row column_structure=&#8220;1_3,1_3,1_3&#8243; use_custom_gutter=&#8220;on&#8220; gutter_width=&#8220;1&#8243; _builder_version=&#8220;4.25.1&#8243; _module_preset=&#8220;default&#8220; width_tablet=&#8220;&#8220; width_phone=&#8220;&#8220; width_last_edited=&#8220;on|desktop&#8220; max_width_tablet=&#8220;&#8220; max_width_phone=&#8220;&#8220; max_width_last_edited=&#8220;on|desktop&#8220; global_colors_info=&#8220;{}&#8220;][et_pb_column type=&#8220;1_3&#8243; _builder_version=&#8220;4.25.1&#8243; _module_preset=&#8220;default&#8220; global_colors_info=&#8220;{}&#8220;][et_pb_text _builder_version=&#8220;4.25.1&#8243; _module_preset=&#8220;4827deed-2a92-4d97-a22f-f01067ae6873&#8243; text_font=&#8220;Albert Sans|700|||||||&#8220; text_font_size=&#8220;16px&#8220; header_font=&#8220;||||||||&#8220; header_3_font=&#8220;Albert Sans|800|||||||&#8220; header_4_font=&#8220;Space Grotesk|700|||||||&#8220; header_4_font_size=&#8220;20px&#8220; header_4_line_height=&#8220;1.4em&#8220; background_layout=&#8220;dark&#8220; custom_margin=&#8220;||30px||false|false&#8220; header_3_text_align_tablet=&#8220;&#8220; header_3_text_align_phone=&#8220;center&#8220; header_3_text_align_last_edited=&#8220;on|phone&#8220; header_4_font_size_tablet=&#8220;16px&#8220; header_4_font_size_phone=&#8220;15px&#8220; header_4_font_size_last_edited=&#8220;on|phone&#8220; text_orientation_tablet=&#8220;&#8220; text_orientation_phone=&#8220;center&#8220; text_orientation_last_edited=&#8220;on|phone&#8220; locked=&#8220;off&#8220; global_colors_info=&#8220;{}&#8220;]<\/p>\n<h3>Jednatel firmy: Jan Hrab\u00e1k<\/h3>\n<p>[\/et_pb_text][et_pb_blurb title=&#8220;602 172 366&#8243; use_icon=&#8220;on&#8220; font_icon=&#8220;&#xe090;||divi||400&#8243; icon_color=&#8220;#ffffff&#8220; icon_placement=&#8220;left&#8220; _builder_version=&#8220;4.25.1&#8243; _module_preset=&#8220;default&#8220; header_text_color=&#8220;#ffffff&#8220; header_font_size=&#8220;16px&#8220; global_colors_info=&#8220;{}&#8220;][\/et_pb_blurb][et_pb_text _builder_version=&#8220;4.25.1&#8243; _module_preset=&#8220;4827deed-2a92-4d97-a22f-f01067ae6873&#8243; text_font=&#8220;Albert Sans|700|||||||&#8220; text_font_size=&#8220;16px&#8220; header_font=&#8220;||||||||&#8220; header_3_font=&#8220;Albert Sans|800|||||||&#8220; header_4_font=&#8220;Space Grotesk|700|||||||&#8220; header_4_font_size=&#8220;20px&#8220; header_4_line_height=&#8220;1.4em&#8220; background_layout=&#8220;dark&#8220; custom_margin=&#8220;70px||30px||false|false&#8220; header_3_text_align_tablet=&#8220;&#8220; header_3_text_align_phone=&#8220;center&#8220; header_3_text_align_last_edited=&#8220;on|phone&#8220; header_4_font_size_tablet=&#8220;16px&#8220; header_4_font_size_phone=&#8220;15px&#8220; header_4_font_size_last_edited=&#8220;on|phone&#8220; text_orientation_tablet=&#8220;&#8220; text_orientation_phone=&#8220;center&#8220; text_orientation_last_edited=&#8220;on|phone&#8220; locked=&#8220;off&#8220; global_colors_info=&#8220;{}&#8220;]<\/p>\n<h3>Prokurista: Ji\u0159\u00ed Hrab\u00e1k<\/h3>\n<p>[\/et_pb_text][et_pb_blurb title=&#8220;720 350 665&#8243; use_icon=&#8220;on&#8220; font_icon=&#8220;&#xe090;||divi||400&#8243; icon_color=&#8220;#ffffff&#8220; icon_placement=&#8220;left&#8220; _builder_version=&#8220;4.25.1&#8243; _module_preset=&#8220;default&#8220; header_text_color=&#8220;#ffffff&#8220; header_font_size=&#8220;16px&#8220; global_colors_info=&#8220;{}&#8220;][\/et_pb_blurb][et_pb_blurb use_icon=&#8220;on&#8220; font_icon=&#8220;&#xf0e0;||fa||400&#8243; icon_color=&#8220;#ffffff&#8220; icon_placement=&#8220;left&#8220; _builder_version=&#8220;4.25.1&#8243; _module_preset=&#8220;default&#8220; body_text_color=&#8220;#ffffff&#8220; body_font_size=&#8220;16px&#8220; custom_margin=&#8220;58px||||false|false&#8220; global_colors_info=&#8220;{}&#8220;]<\/p>\n<h4><a href=\"mailto:hrabak@lakmal.cz\">hrabak@lakmal.cz<\/a><\/h4>\n<p>[\/et_pb_blurb][\/et_pb_column][et_pb_column type=&#8220;1_3&#8243; _builder_version=&#8220;4.18.0&#8243; _module_preset=&#8220;default&#8220; global_colors_info=&#8220;{}&#8220;][et_pb_text _builder_version=&#8220;4.25.1&#8243; _module_preset=&#8220;default&#8220; text_font=&#8220;&#8211;et_global_heading_font|700|||||||&#8220; text_font_size=&#8220;18px&#8220; background_layout=&#8220;dark&#8220; custom_margin_tablet=&#8220;50px||||false|false&#8220; custom_margin_phone=&#8220;50px||||false|false&#8220; custom_margin_last_edited=&#8220;on|phone&#8220; global_colors_info=&#8220;{}&#8220;]<\/p>\n<p>Hrab\u00e1k-Lakmal s.r.o.<\/p>\n<p>&nbsp;<\/p>\n<p>Tyr\u0161ova 1435\/7b, 268&nbsp;01 Ho\u0159ovice<\/p>\n<p>&nbsp;<\/p>\n<p>I\u010cO: 28237307<\/p>\n<p>DI\u010c: CZ28237307<\/p>\n<p>&nbsp;<\/p>\n<p>Spole\u010dnost je vedena v\u00a0obchodn\u00edm rejst\u0159\u00edku M\u011bstsk\u00e9ho soudu v\u00a0Praze, odd\u00edl C, vlo\u017eka 134437.<\/p>\n<p>[\/et_pb_text][\/et_pb_column][et_pb_column type=&#8220;1_3&#8243; _builder_version=&#8220;4.25.1&#8243; _module_preset=&#8220;default&#8220; global_colors_info=&#8220;{}&#8220;][et_pb_contact_form email=&#8220;hrabak@lakmal.cz&#8220; _builder_version=&#8220;4.25.1&#8243; _module_preset=&#8220;5e3e188f-e30c-4fb5-a14e-87f877a4619f&#8220; _unique_id=&#8220;c9f3a70a-7d0f-4b71-9711-babd1f07f760&#8243; form_field_background_color=&#8220;RGBA(255,255,255,0)&#8220; form_field_text_color=&#8220;rgba(255,255,255,0.5)&#8220; form_field_custom_padding=&#8220;20px|0px|20px|0px|true|true&#8220; captcha_font=&#8220;Work Sans|600|||||||&#8220; captcha_text_color=&#8220;#ffffff&#8220; form_field_font=&#8220;Work Sans||||||||&#8220; form_field_font_size=&#8220;20px&#8220; form_field_line_height=&#8220;1.6em&#8220; custom_button=&#8220;on&#8220; button_text_size=&#8220;14px&#8220; button_text_color=&#8220;#FFFFFF&#8220; button_bg_color=&#8220;#cc232d&#8220; button_border_width=&#8220;0px&#8220; button_border_radius=&#8220;0px&#8220; button_font=&#8220;Work Sans||||||||&#8220; button_custom_padding=&#8220;12px|24px|12px|24px|true|true&#8220; custom_margin_tablet=&#8220;50px||||false|false&#8220; custom_margin_phone=&#8220;30px||||false|false&#8220; custom_margin_last_edited=&#8220;on|phone&#8220; hover_enabled=&#8220;0&#8243; form_field_font_size_tablet=&#8220;16px&#8220; form_field_font_size_phone=&#8220;14px&#8220; form_field_font_size_last_edited=&#8220;on|desktop&#8220; border_color_all=&#8220;rgba(255,255,255,0.3)&#8220; border_width_bottom=&#8220;2px&#8220; locked=&#8220;off&#8220; global_colors_info=&#8220;{}&#8220; button_bg_color__hover=&#8220;#fe2701&#8243; button_bg_color__hover_enabled=&#8220;on|hover&#8220; sticky_enabled=&#8220;0&#8243;][et_pb_contact_field field_id=&#8220;Jmeno_a_prijmeni&#8220; field_title=&#8220;Jm\u00e9no a p\u0159\u00edjmen\u00ed&#8220; _builder_version=&#8220;4.25.1&#8243; _module_preset=&#8220;default&#8220; global_colors_info=&#8220;{}&#8220; button_text_size__hover_enabled=&#8220;off&#8220; button_one_text_size__hover_enabled=&#8220;off&#8220; button_two_text_size__hover_enabled=&#8220;off&#8220; button_text_color__hover_enabled=&#8220;off&#8220; button_one_text_color__hover_enabled=&#8220;off&#8220; button_two_text_color__hover_enabled=&#8220;off&#8220; button_border_width__hover_enabled=&#8220;off&#8220; button_one_border_width__hover_enabled=&#8220;off&#8220; button_two_border_width__hover_enabled=&#8220;off&#8220; button_border_color__hover_enabled=&#8220;off&#8220; button_one_border_color__hover_enabled=&#8220;off&#8220; button_two_border_color__hover_enabled=&#8220;off&#8220; button_border_radius__hover_enabled=&#8220;off&#8220; button_one_border_radius__hover_enabled=&#8220;off&#8220; button_two_border_radius__hover_enabled=&#8220;off&#8220; button_letter_spacing__hover_enabled=&#8220;off&#8220; button_one_letter_spacing__hover_enabled=&#8220;off&#8220; button_two_letter_spacing__hover_enabled=&#8220;off&#8220; button_bg_color__hover_enabled=&#8220;off&#8220; button_one_bg_color__hover_enabled=&#8220;off&#8220; button_two_bg_color__hover_enabled=&#8220;off&#8220;][\/et_pb_contact_field][et_pb_contact_field field_id=&#8220;Emailova_adresa&#8220; field_title=&#8220;Emailov\u00e1 adresa&#8220; field_type=&#8220;email&#8220; _builder_version=&#8220;4.25.1&#8243; _module_preset=&#8220;default&#8220; hover_enabled=&#8220;0&#8243; global_colors_info=&#8220;{}&#8220; button_text_size__hover_enabled=&#8220;off&#8220; button_one_text_size__hover_enabled=&#8220;off&#8220; button_two_text_size__hover_enabled=&#8220;off&#8220; button_text_color__hover_enabled=&#8220;off&#8220; button_one_text_color__hover_enabled=&#8220;off&#8220; button_two_text_color__hover_enabled=&#8220;off&#8220; button_border_width__hover_enabled=&#8220;off&#8220; button_one_border_width__hover_enabled=&#8220;off&#8220; button_two_border_width__hover_enabled=&#8220;off&#8220; button_border_color__hover_enabled=&#8220;off&#8220; button_one_border_color__hover_enabled=&#8220;off&#8220; button_two_border_color__hover_enabled=&#8220;off&#8220; button_border_radius__hover_enabled=&#8220;off&#8220; button_one_border_radius__hover_enabled=&#8220;off&#8220; button_two_border_radius__hover_enabled=&#8220;off&#8220; button_letter_spacing__hover_enabled=&#8220;off&#8220; button_one_letter_spacing__hover_enabled=&#8220;off&#8220; button_two_letter_spacing__hover_enabled=&#8220;off&#8220; button_bg_color__hover_enabled=&#8220;off&#8220; button_one_bg_color__hover_enabled=&#8220;off&#8220; button_two_bg_color__hover_enabled=&#8220;off&#8220; sticky_enabled=&#8220;0&#8243;][\/et_pb_contact_field][et_pb_contact_field field_id=&#8220;Predmet&#8220; field_title=&#8220;P\u0159edm\u011bt zpr\u00e1vy&#8220; fullwidth_field=&#8220;on&#8220; _builder_version=&#8220;4.25.1&#8243; _module_preset=&#8220;default&#8220; global_colors_info=&#8220;{}&#8220;][\/et_pb_contact_field][et_pb_contact_field field_id=&#8220;Zprava&#8220; field_title=&#8220;Zpr\u00e1va&#8220; field_type=&#8220;text&#8220; fullwidth_field=&#8220;on&#8220; _builder_version=&#8220;4.25.1&#8243; _module_preset=&#8220;default&#8220; global_colors_info=&#8220;{}&#8220; button_text_size__hover_enabled=&#8220;off&#8220; button_one_text_size__hover_enabled=&#8220;off&#8220; button_two_text_size__hover_enabled=&#8220;off&#8220; button_text_color__hover_enabled=&#8220;off&#8220; button_one_text_color__hover_enabled=&#8220;off&#8220; button_two_text_color__hover_enabled=&#8220;off&#8220; button_border_width__hover_enabled=&#8220;off&#8220; button_one_border_width__hover_enabled=&#8220;off&#8220; button_two_border_width__hover_enabled=&#8220;off&#8220; button_border_color__hover_enabled=&#8220;off&#8220; button_one_border_color__hover_enabled=&#8220;off&#8220; button_two_border_color__hover_enabled=&#8220;off&#8220; button_border_radius__hover_enabled=&#8220;off&#8220; button_one_border_radius__hover_enabled=&#8220;off&#8220; button_two_border_radius__hover_enabled=&#8220;off&#8220; button_letter_spacing__hover_enabled=&#8220;off&#8220; button_one_letter_spacing__hover_enabled=&#8220;off&#8220; button_two_letter_spacing__hover_enabled=&#8220;off&#8220; button_bg_color__hover_enabled=&#8220;off&#8220; button_one_bg_color__hover_enabled=&#8220;off&#8220; button_two_bg_color__hover_enabled=&#8220;off&#8220;][\/et_pb_contact_field][\/et_pb_contact_form][\/et_pb_column][\/et_pb_row][et_pb_row _builder_version=&#8220;4.25.1&#8243; _module_preset=&#8220;default&#8220; border_width_top=&#8220;1px&#8220; border_color_top=&#8220;#ffffff&#8220; global_colors_info=&#8220;{}&#8220;][et_pb_column type=&#8220;4_4&#8243; _builder_version=&#8220;4.25.1&#8243; _module_preset=&#8220;default&#8220; global_colors_info=&#8220;{}&#8220;][et_pb_text _builder_version=&#8220;4.25.1&#8243; _module_preset=&#8220;default&#8220; text_text_color=&#8220;#ffffff&#8220; text_orientation=&#8220;center&#8220; global_colors_info=&#8220;{}&#8220;]<\/p>\n<p><span>Copyright \u00a9 2024 <\/span><a href=\"https:\/\/www.lsit.cz\/\">LSIT.cz<\/a><\/p>\n<p>[\/et_pb_text][\/et_pb_column][\/et_pb_row][\/et_pb_section]<\/p>\n","protected":false},"excerpt":{"rendered":"<p>O n\u00e1sJi\u017e od roku1992Na\u0161e spole\u010dnost zapo\u010dala \u010dinnost v&nbsp;roce 1992 a&nbsp;to jako rodinn\u00e1 \u017eivnost s&nbsp;jedn\u00edm zam\u011bstnancem. V&nbsp;prvopo\u010d\u00e1tc\u00edch fungov\u00e1n\u00ed na\u0161\u00ed firmy jsme se specializovali na lak\u00fdrnick\u00e9, mal\u00ed\u0159sk\u00e9 a&nbsp;sklen\u00e1\u0159sk\u00e9 pr\u00e1ce. V&nbsp;roce 1997 se pracovn\u00ed n\u00e1pl\u0148 roz\u0161\u00ed\u0159ila o&nbsp;stavebn\u00ed \u010dinnost, a&nbsp;od t\u00e9 doby se firma za\u010dala rozv\u00edjet p\u0159edev\u0161\u00edm t\u00edmto sm\u011brem. V&nbsp;roce [&hellip;]<\/p>\n","protected":false},"author":1,"featured_media":0,"parent":0,"menu_order":0,"comment_status":"closed","ping_status":"closed","template":"","meta":{"_et_pb_use_builder":"on","_et_pb_old_content":"","_et_gb_content_width":"","footnotes":""},"class_list":["post-132","page","type-page","status-publish","hentry"],"_links":{"self":[{"href":"https:\/\/lakmal.cz\/index.php\/wp-json\/wp\/v2\/pages\/132","targetHints":{"allow":["GET"]}}],"collection":[{"href":"https:\/\/lakmal.cz\/index.php\/wp-json\/wp\/v2\/pages"}],"about":[{"href":"https:\/\/lakmal.cz\/index.php\/wp-json\/wp\/v2\/types\/page"}],"author":[{"embeddable":true,"href":"https:\/\/lakmal.cz\/index.php\/wp-json\/wp\/v2\/users\/1"}],"replies":[{"embeddable":true,"href":"https:\/\/lakmal.cz\/index.php\/wp-json\/wp\/v2\/comments?post=132"}],"version-history":[{"count":11,"href":"https:\/\/lakmal.cz\/index.php\/wp-json\/wp\/v2\/pages\/132\/revisions"}],"predecessor-version":[{"id":299,"href":"https:\/\/lakmal.cz\/index.php\/wp-json\/wp\/v2\/pages\/132\/revisions\/299"}],"wp:attachment":[{"href":"https:\/\/lakmal.cz\/index.php\/wp-json\/wp\/v2\/media?parent=132"}],"curies":[{"name":"wp","href":"https:\/\/api.w.org\/{rel}","templated":true}]}}